{"id":50874,"date":"2023-12-07T11:01:50","date_gmt":"2023-12-07T11:01:50","guid":{"rendered":"https:\/\/www.cm-benavente.pt\/?post_type=mec-events&#038;p=50874"},"modified":"2023-12-07T11:01:50","modified_gmt":"2023-12-07T11:01:50","slug":"gdb-jogos-08-a-10-dez","status":"publish","type":"mec-events","link":"https:\/\/www.cm-benavente.pt\/index.php\/events\/gdb-jogos-08-a-10-dez\/","title":{"rendered":"GDB | Jogos 08 a 10 dez"},"content":{"rendered":"<table>\n<tbody>\n<tr>\n<td style=\"text-align: center;\" colspan=\"2\">\u00a0<strong>SEXTA-FEIRA, 08 DEZEMBRO<\/strong><\/td>\n<\/tr>\n<tr>\n<td><strong>SUB-08<\/strong><br \/>\nENCONTRO DE ESCOLAS<br \/>\nCD Os \u00c1guias, EF GD Benavente, CD F\u00e1tima e Coruchense<br \/>\nLocal Alpiar\u00e7a, pelas 10h30<\/td>\n<td><strong>INFANTIS B<\/strong><br \/>\nLANDAL CUP (Todo o dia)<br \/>\nGrp A FC Alverca, Caldas SC, GD Nazarenos e EF GD Benavente<br \/>\nGrp B NS Rio Maior, Bombarralense, UD Leiria e Beneditense<br \/>\nLocal A-Dos-Francos, pelas 9h00<\/td>\n<\/tr>\n<tr>\n<td style=\"text-align: center;\" colspan=\"2\">\u00a0<strong>S\u00c1BADO, 09 DEZEMBRO<\/strong><\/td>\n<\/tr>\n<tr>\n<td><strong>SUB-07<\/strong><br \/>\nENCONTRO AF SANTAR\u00c9M<br \/>\nEF GD Benavente, AD Fazendense, GD Forense e Footkart<br \/>\nLocal Samora Correia, pelas 15h00<\/td>\n<td><strong>SUB-08<\/strong><br \/>\nENCONTRO DE ESCOLAS<br \/>\nGD Forense, EF GD Benavente, GD Forense, AR Porto Alto e EFB Castanheira<br \/>\nLocal Foros de Salvaterra, pelas 15h00<\/td>\n<\/tr>\n<tr>\n<td><strong>SUB-09<\/strong><\/p>\n<p>ENCONTRO AF SANTAR\u00c9M<br \/>\nEF GD Benavente, Ard-Jic, AR Porto Alto, Footkart, Coruchense, GD Marinhais e SL Cartaxo<br \/>\nLocal Campo Portas do Sol, pelas 15h00<\/td>\n<td><strong>SUB-10<\/strong><\/p>\n<p>LIGA BENJAMINS AF SANTAR\u00c9M (N\u00cdVEL 2)<br \/>\nEF GD Benavente vs UD Santar\u00e9m A<br \/>\nLocal Complexo dos Camarinhais, pelas 10h30<\/td>\n<\/tr>\n<tr>\n<td><strong>SUB-11<\/strong><\/p>\n<p>LIGA BENJAMINS AF SANTAR\u00c9M (N\u00cdVEL 1)<br \/>\nCD Salvaterrense vs EF GD Benavente<br \/>\nLocal Salvaterra de Magos, pelas 10h30<\/td>\n<td><strong>INFANTIS &#8220;A&#8221;<\/strong><\/p>\n<p>ATIVIDADE DE PREPARA\u00c7\u00c3O<br \/>\nEF GD Benavente vs GD Forense, pelas 09h30<br \/>\nEF GD Benavente vs SCD Gl\u00f3ria, pelas 11h00<br \/>\nLocal Relvado Campo Portas do Sol<\/td>\n<\/tr>\n<tr>\n<td colspan=\"2\">\n<p style=\"text-align: center;\"><strong>JUNIORES<\/strong><\/p>\n<p style=\"text-align: center;\">CAMPEONATO AF SANTAR\u00c9M<br \/>\nEF GD Benavente vs CCRD Mo\u00e7arriense<br \/>\nLocal Complexo dos Camarinhais, pelas 15h00<\/p>\n<\/td>\n<\/tr>\n<tr>\n<td style=\"text-align: center;\" colspan=\"2\"><strong>DOMINGO, 10 DEZEMBRO<\/strong><\/td>\n<\/tr>\n<tr>\n<td><strong>INICIADOS &#8220;B&#8221;<\/strong><\/p>\n<p>CAMPEONATO AF SANTAR\u00c9M<br \/>\nEF GD Benavente vs EFC Ouriquense<br \/>\nLocal Complexo dos Camarinhais, pelas 11h00<\/td>\n<td><strong>INICIADOS &#8220;A&#8221;<\/strong><\/p>\n<p>CAMPEONATO AF SANTAR\u00c9M (1\u00aa DIVIS\u00c3O)<br \/>\nEF GD Benavente vs GD Marinhais<br \/>\nLocal Complexo dos Camarinhais, pelas 09h30<\/td>\n<\/tr>\n<tr>\n<td colspan=\"2\">\n<p style=\"text-align: center;\"><strong>JUVENIS<\/strong><\/p>\n<p style=\"text-align: center;\">CAMPEONATO AF SANTAR\u00c9M (1\u00aa DIVIS\u00c3O)<br \/>\nCA Ouriense vs EF GD Benavente<br \/>\nLocal Campo Caridade (Our\u00e9m), pelas 11h00<\/p>\n<\/td>\n<\/tr>\n<\/tbody>\n<\/table>\n<p>&nbsp;<\/p>\n<p><img fetchpriority=\"high\" decoding=\"async\" class=\"alignnone wp-image-50875 size-full\" src=\"https:\/\/www.cm-benavente.pt\/wp-content\/uploads\/2023\/12\/gdb-landal-cup-jpg.webp\" alt=\"\" width=\"785\" height=\"786\" srcset=\"https:\/\/www.cm-benavente.pt\/wp-content\/uploads\/2023\/12\/gdb-landal-cup-jpg.webp 785w, https:\/\/www.cm-benavente.pt\/wp-content\/uploads\/2023\/12\/gdb-landal-cup-300x300.webp 300w, https:\/\/www.cm-benavente.pt\/wp-content\/uploads\/2023\/12\/gdb-landal-cup-150x150.webp 150w, https:\/\/www.cm-benavente.pt\/wp-content\/uploads\/2023\/12\/gdb-landal-cup-768x769.webp 768w, https:\/\/www.cm-benavente.pt\/wp-content\/uploads\/2023\/12\/gdb-landal-cup-500x501.webp 500w\" sizes=\"(max-width: 785px) 100vw, 785px\" \/><\/p>\n","protected":false},"excerpt":{"rendered":"<p>\u00a0SEXTA-FEIRA, 08 DEZEMBRO SUB-08 ENCONTRO DE ESCOLAS CD Os \u00c1guias, EF GD Benavente, CD F\u00e1tima e Coruchense Local Alpiar\u00e7a, pelas 10h30 INFANTIS B LANDAL CUP (Todo o dia) Grp A FC Alverca, Caldas SC, GD Nazarenos e EF GD Benavente Grp B NS Rio Maior, Bombarralense, UD Leiria e Beneditense Local A-Dos-Francos, pelas 9h00 \u00a0S\u00c1BADO, [&hellip;]<\/p>\n","protected":false},"author":3,"featured_media":39903,"comment_status":"closed","ping_status":"closed","template":"","meta":{"_vp_format_video_url":"","_vp_image_focal_point":[]},"tags":[16,124,12,1107],"mec_category":[1111],"class_list":["post-50874","mec-events","type-mec-events","status-publish","has-post-thumbnail","hentry","tag-benavente","tag-desporto","tag-futebol","tag-gdb","mec_category-futebol"],"_links":{"self":[{"href":"https:\/\/www.cm-benavente.pt\/index.php\/wp-json\/wp\/v2\/mec-events\/50874","targetHints":{"allow":["GET"]}}],"collection":[{"href":"https:\/\/www.cm-benavente.pt\/index.php\/wp-json\/wp\/v2\/mec-events"}],"about":[{"href":"https:\/\/www.cm-benavente.pt\/index.php\/wp-json\/wp\/v2\/types\/mec-events"}],"author":[{"embeddable":true,"href":"https:\/\/www.cm-benavente.pt\/index.php\/wp-json\/wp\/v2\/users\/3"}],"replies":[{"embeddable":true,"href":"https:\/\/www.cm-benavente.pt\/index.php\/wp-json\/wp\/v2\/comments?post=50874"}],"version-history":[{"count":0,"href":"https:\/\/www.cm-benavente.pt\/index.php\/wp-json\/wp\/v2\/mec-events\/50874\/revisions"}],"wp:featuredmedia":[{"embeddable":true,"href":"https:\/\/www.cm-benavente.pt\/index.php\/wp-json\/wp\/v2\/media\/39903"}],"wp:attachment":[{"href":"https:\/\/www.cm-benavente.pt\/index.php\/wp-json\/wp\/v2\/media?parent=50874"}],"wp:term":[{"taxonomy":"post_tag","embeddable":true,"href":"https:\/\/www.cm-benavente.pt\/index.php\/wp-json\/wp\/v2\/tags?post=50874"},{"taxonomy":"mec_category","embeddable":true,"href":"https:\/\/www.cm-benavente.pt\/index.php\/wp-json\/wp\/v2\/mec_category?post=50874"}],"curies":[{"name":"wp","href":"https:\/\/api.w.org\/{rel}","templated":true}]}}

<table>
<tbody>
<tr>
<td style="text-align: center;" colspan="2"> <strong>SEXTA-FEIRA, 08 DEZEMBRO</strong></td>
</tr>
<tr>
<td><strong>SUB-08</strong><br />
ENCONTRO DE ESCOLAS<br />
CD Os Águias, EF GD Benavente, CD Fátima e Coruchense<br />
Local Alpiarça, pelas 10h30</td>
<td><strong>INFANTIS B</strong><br />
LANDAL CUP (Todo o dia)<br />
Grp A FC Alverca, Caldas SC, GD Nazarenos e EF GD Benavente<br />
Grp B NS Rio Maior, Bombarralense, UD Leiria e Beneditense<br />
Local A-Dos-Francos, pelas 9h00</td>
</tr>
<tr>
<td style="text-align: center;" colspan="2"> <strong>SÁBADO, 09 DEZEMBRO</strong></td>
</tr>
<tr>
<td><strong>SUB-07</strong><br />
ENCONTRO AF SANTARÉM<br />
EF GD Benavente, AD Fazendense, GD Forense e Footkart<br />
Local Samora Correia, pelas 15h00</td>
<td><strong>SUB-08</strong><br />
ENCONTRO DE ESCOLAS<br />
GD Forense, EF GD Benavente, GD Forense, AR Porto Alto e EFB Castanheira<br />
Local Foros de Salvaterra, pelas 15h00</td>
</tr>
<tr>
<td><strong>SUB-09</strong></p>
<p>ENCONTRO AF SANTARÉM<br />
EF GD Benavente, Ard-Jic, AR Porto Alto, Footkart, Coruchense, GD Marinhais e SL Cartaxo<br />
Local Campo Portas do Sol, pelas 15h00</td>
<td><strong>SUB-10</strong></p>
<p>LIGA BENJAMINS AF SANTARÉM (NÍVEL 2)<br />
EF GD Benavente vs UD Santarém A<br />
Local Complexo dos Camarinhais, pelas 10h30</td>
</tr>
<tr>
<td><strong>SUB-11</strong></p>
<p>LIGA BENJAMINS AF SANTARÉM (NÍVEL 1)<br />
CD Salvaterrense vs EF GD Benavente<br />
Local Salvaterra de Magos, pelas 10h30</td>
<td><strong>INFANTIS &#8220;A&#8221;</strong></p>
<p>ATIVIDADE DE PREPARAÇÃO<br />
EF GD Benavente vs GD Forense, pelas 09h30<br />
EF GD Benavente vs SCD Glória, pelas 11h00<br />
Local Relvado Campo Portas do Sol</td>
</tr>
<tr>
<td colspan="2">
<p style="text-align: center;"><strong>JUNIORES</strong></p>
<p style="text-align: center;">CAMPEONATO AF SANTARÉM<br />
EF GD Benavente vs CCRD Moçarriense<br />
Local Complexo dos Camarinhais, pelas 15h00</p>
</td>
</tr>
<tr>
<td style="text-align: center;" colspan="2"><strong>DOMINGO, 10 DEZEMBRO</strong></td>
</tr>
<tr>
<td><strong>INICIADOS &#8220;B&#8221;</strong></p>
<p>CAMPEONATO AF SANTARÉM<br />
EF GD Benavente vs EFC Ouriquense<br />
Local Complexo dos Camarinhais, pelas 11h00</td>
<td><strong>INICIADOS &#8220;A&#8221;</strong></p>
<p>CAMPEONATO AF SANTARÉM (1ª DIVISÃO)<br />
EF GD Benavente vs GD Marinhais<br />
Local Complexo dos Camarinhais, pelas 09h30</td>
</tr>
<tr>
<td colspan="2">
<p style="text-align: center;"><strong>JUVENIS</strong></p>
<p style="text-align: center;">CAMPEONATO AF SANTARÉM (1ª DIVISÃO)<br />
CA Ouriense vs EF GD Benavente<br />
Local Campo Caridade (Ourém), pelas 11h00</p>
</td>
</tr>
</tbody>
</table>
<p>&nbsp;</p>
<p><img fetchpriority="high" decoding="async" class="alignnone wp-image-50875 size-full" src="https://www.cm-benavente.pt/wp-content/uploads/2023/12/gdb-landal-cup-jpg.webp" alt="" width="785" height="786" srcset="https://www.cm-benavente.pt/wp-content/uploads/2023/12/gdb-landal-cup-jpg.webp 785w, https://www.cm-benavente.pt/wp-content/uploads/2023/12/gdb-landal-cup-300x300.webp 300w, https://www.cm-benavente.pt/wp-content/uploads/2023/12/gdb-landal-cup-150x150.webp 150w, https://www.cm-benavente.pt/wp-content/uploads/2023/12/gdb-landal-cup-768x769.webp 768w, https://www.cm-benavente.pt/wp-content/uploads/2023/12/gdb-landal-cup-500x501.webp 500w" sizes="(max-width: 785px) 100vw, 785px" /></p>

<p> SEXTA-FEIRA, 08 DEZEMBRO SUB-08 ENCONTRO DE ESCOLAS CD Os Águias, EF GD Benavente, CD Fátima e Coruchense Local Alpiarça, pelas 10h30 INFANTIS B LANDAL CUP (Todo o dia) Grp A FC Alverca, Caldas SC, GD Nazarenos e EF GD Benavente Grp B NS Rio Maior, Bombarralense, UD Leiria e Beneditense Local A-Dos-Francos, pelas 9h00  SÁBADO, [&hellip;]</p>
