{"id":50026,"date":"2023-11-06T10:13:58","date_gmt":"2023-11-06T10:13:58","guid":{"rendered":"https:\/\/www.cm-benavente.pt\/?post_type=mec-events&#038;p=50026"},"modified":"2023-11-07T10:30:26","modified_gmt":"2023-11-07T10:30:26","slug":"a-casa-amarela","status":"publish","type":"mec-events","link":"https:\/\/www.cm-benavente.pt\/index.php\/events\/a-casa-amarela\/","title":{"rendered":"A Casa Amarela"},"content":{"rendered":"<div><span class=\"x193iq5w xeuugli x13faqbe x1vvkbs x1xmvt09 x1f6kntn xvq8zen xo1l8bm xzsf02u\"><span class=\"x193iq5w xeuugli x13faqbe x1vvkbs x1xmvt09 x1f6kntn xvq8zen xo1l8bm xi81zsa\"><strong>ESGOTADO<\/strong><\/span><\/span><\/div>\n<div><\/div>\n<div><span class=\"x193iq5w xeuugli x13faqbe x1vvkbs x1xmvt09 x1f6kntn xvq8zen xo1l8bm xzsf02u\"><span class=\"x193iq5w xeuugli x13faqbe x1vvkbs x1xmvt09 x1f6kntn xvq8zen xo1l8bm xi81zsa\"><strong>Com pozinhos de perlim&#8230; pim&#8230;pim&#8230; dia 11 de novembro ser\u00e1 assim&#8230;<\/strong><\/span><\/span><\/div>\n<div><\/div>\n<div class=\"x1e56ztr\"><span class=\"x193iq5w xeuugli x13faqbe x1vvkbs x1xmvt09 x1f6kntn xvq8zen xo1l8bm xzsf02u\">Espet\u00e1culo para fam\u00edlias, com\u00a0<span class=\"xt0psk2\">Andreia Salgueiro<\/span>\u00a0e Eva Barros..<strong><i>.<\/i><\/strong>\u00a0&#8220;<strong>A Casa Amarela<\/strong>&#8220;, uma obra com\u00a0<strong>Texto de<\/strong>\u00a0Sofia Isabel Vieira\u00a0e\u00a0<strong>Ilustra\u00e7\u00f5es de<\/strong>\u00a0Geandra Lipa.<\/span><\/div>\n<div class=\"x1e56ztr\"><\/div>\n<div class=\"x1e56ztr\"><span class=\"x193iq5w xeuugli x13faqbe x1vvkbs x1xmvt09 x1f6kntn xvq8zen xo1l8bm xzsf02u\"><strong>ALERTA<\/strong><\/span><\/div>\n<div class=\"x1e56ztr\"><span class=\"x193iq5w xeuugli x13faqbe x1vvkbs x1xmvt09 x1f6kntn xvq8zen xo1l8bm xzsf02u\">Inscri\u00e7\u00f5es abertas a partir de\u00a0<strong>6 de novembro,<\/strong>\u00a0(segunda-feira).<\/span><\/div>\n<div class=\"x1e56ztr\"><span class=\"x193iq5w xeuugli x13faqbe x1vvkbs x1xmvt09 x1f6kntn xvq8zen xo1l8bm xzsf02u\"><strong>INSCRI\u00c7\u00d5ES NA BIBLIOTECA MUNICIPAL DE BENAVENTE<\/strong>\u00a0atrav\u00e9s do contacto:\u00a0<\/span><span class=\"x193iq5w xeuugli x13faqbe x1vvkbs x1xmvt09 x1f6kntn xvq8zen xo1l8bm xzsf02u\"><span id=\"cloak5d1e5b2f55f0a4680701642b20024bbd\"><a href=\"mailto:bibliotecas@cm-benavente.pt\">bibliotecas@cm-benavente.pt<\/a><\/span><\/span><\/div>\n<div><\/div>\n<div><img fetchpriority=\"high\" decoding=\"async\" class=\"alignnone wp-image-50027 size-large\" src=\"https:\/\/www.cm-benavente.pt\/wp-content\/uploads\/2023\/11\/231102_acasaamarela_1080-1-1024x1024.png\" alt=\"\" width=\"800\" height=\"800\" srcset=\"https:\/\/www.cm-benavente.pt\/wp-content\/uploads\/2023\/11\/231102_acasaamarela_1080-1-1024x1024.png 1024w, https:\/\/www.cm-benavente.pt\/wp-content\/uploads\/2023\/11\/231102_acasaamarela_1080-1-300x300.png 300w, https:\/\/www.cm-benavente.pt\/wp-content\/uploads\/2023\/11\/231102_acasaamarela_1080-1-150x150.png 150w, https:\/\/www.cm-benavente.pt\/wp-content\/uploads\/2023\/11\/231102_acasaamarela_1080-1-768x768.png 768w, https:\/\/www.cm-benavente.pt\/wp-content\/uploads\/2023\/11\/231102_acasaamarela_1080-1-500x500.png 500w, https:\/\/www.cm-benavente.pt\/wp-content\/uploads\/2023\/11\/231102_acasaamarela_1080-1-1536x1536.png 1536w, https:\/\/www.cm-benavente.pt\/wp-content\/uploads\/2023\/11\/231102_acasaamarela_1080-1-2048x2048.png 2048w, https:\/\/www.cm-benavente.pt\/wp-content\/uploads\/2023\/11\/231102_acasaamarela_1080-1-800x800.png 800w, https:\/\/www.cm-benavente.pt\/wp-content\/uploads\/2023\/11\/231102_acasaamarela_1080-1-1280x1280.png 1280w, https:\/\/www.cm-benavente.pt\/wp-content\/uploads\/2023\/11\/231102_acasaamarela_1080-1-1920x1920.png 1920w\" sizes=\"(max-width: 800px) 100vw, 800px\" \/><\/div>\n","protected":false},"excerpt":{"rendered":"<p>ESGOTADO Com pozinhos de perlim&#8230; pim&#8230;pim&#8230; dia 11 de novembro ser\u00e1 assim&#8230; Espet\u00e1culo para fam\u00edlias, com\u00a0Andreia Salgueiro\u00a0e Eva Barros&#8230;\u00a0&#8220;A Casa Amarela&#8220;, uma obra com\u00a0Texto de\u00a0Sofia Isabel Vieira\u00a0e\u00a0Ilustra\u00e7\u00f5es de\u00a0Geandra Lipa. ALERTA Inscri\u00e7\u00f5es abertas a partir de\u00a06 de novembro,\u00a0(segunda-feira). INSCRI\u00c7\u00d5ES NA BIBLIOTECA MUNICIPAL DE BENAVENTE\u00a0atrav\u00e9s do contacto:\u00a0bibliotecas@cm-benavente.pt<\/p>\n","protected":false},"author":3,"featured_media":50028,"comment_status":"closed","ping_status":"closed","template":"","meta":{"_vp_format_video_url":"","_vp_image_focal_point":[]},"tags":[16,83,938,794,79],"mec_category":[757],"class_list":["post-50026","mec-events","type-mec-events","status-publish","has-post-thumbnail","hentry","tag-benavente","tag-biblioteca","tag-conto","tag-literatura","tag-livro","mec_category-literatura"],"_links":{"self":[{"href":"https:\/\/www.cm-benavente.pt\/index.php\/wp-json\/wp\/v2\/mec-events\/50026","targetHints":{"allow":["GET"]}}],"collection":[{"href":"https:\/\/www.cm-benavente.pt\/index.php\/wp-json\/wp\/v2\/mec-events"}],"about":[{"href":"https:\/\/www.cm-benavente.pt\/index.php\/wp-json\/wp\/v2\/types\/mec-events"}],"author":[{"embeddable":true,"href":"https:\/\/www.cm-benavente.pt\/index.php\/wp-json\/wp\/v2\/users\/3"}],"replies":[{"embeddable":true,"href":"https:\/\/www.cm-benavente.pt\/index.php\/wp-json\/wp\/v2\/comments?post=50026"}],"version-history":[{"count":0,"href":"https:\/\/www.cm-benavente.pt\/index.php\/wp-json\/wp\/v2\/mec-events\/50026\/revisions"}],"wp:featuredmedia":[{"embeddable":true,"href":"https:\/\/www.cm-benavente.pt\/index.php\/wp-json\/wp\/v2\/media\/50028"}],"wp:attachment":[{"href":"https:\/\/www.cm-benavente.pt\/index.php\/wp-json\/wp\/v2\/media?parent=50026"}],"wp:term":[{"taxonomy":"post_tag","embeddable":true,"href":"https:\/\/www.cm-benavente.pt\/index.php\/wp-json\/wp\/v2\/tags?post=50026"},{"taxonomy":"mec_category","embeddable":true,"href":"https:\/\/www.cm-benavente.pt\/index.php\/wp-json\/wp\/v2\/mec_category?post=50026"}],"curies":[{"name":"wp","href":"https:\/\/api.w.org\/{rel}","templated":true}]}}

<div><span class="x193iq5w xeuugli x13faqbe x1vvkbs x1xmvt09 x1f6kntn xvq8zen xo1l8bm xzsf02u"><span class="x193iq5w xeuugli x13faqbe x1vvkbs x1xmvt09 x1f6kntn xvq8zen xo1l8bm xi81zsa"><strong>ESGOTADO</strong></span></span></div>
<div></div>
<div><span class="x193iq5w xeuugli x13faqbe x1vvkbs x1xmvt09 x1f6kntn xvq8zen xo1l8bm xzsf02u"><span class="x193iq5w xeuugli x13faqbe x1vvkbs x1xmvt09 x1f6kntn xvq8zen xo1l8bm xi81zsa"><strong>Com pozinhos de perlim&#8230; pim&#8230;pim&#8230; dia 11 de novembro será assim&#8230;</strong></span></span></div>
<div></div>
<div class="x1e56ztr"><span class="x193iq5w xeuugli x13faqbe x1vvkbs x1xmvt09 x1f6kntn xvq8zen xo1l8bm xzsf02u">Espetáculo para famílias, com <span class="xt0psk2">Andreia Salgueiro</span> e Eva Barros..<strong><i>.</i></strong> &#8220;<strong>A Casa Amarela</strong>&#8220;, uma obra com <strong>Texto de</strong> Sofia Isabel Vieira e <strong>Ilustrações de</strong> Geandra Lipa.</span></div>
<div class="x1e56ztr"></div>
<div class="x1e56ztr"><span class="x193iq5w xeuugli x13faqbe x1vvkbs x1xmvt09 x1f6kntn xvq8zen xo1l8bm xzsf02u"><strong>ALERTA</strong></span></div>
<div class="x1e56ztr"><span class="x193iq5w xeuugli x13faqbe x1vvkbs x1xmvt09 x1f6kntn xvq8zen xo1l8bm xzsf02u">Inscrições abertas a partir de <strong>6 de novembro,</strong> (segunda-feira).</span></div>
<div class="x1e56ztr"><span class="x193iq5w xeuugli x13faqbe x1vvkbs x1xmvt09 x1f6kntn xvq8zen xo1l8bm xzsf02u"><strong>INSCRIÇÕES NA BIBLIOTECA MUNICIPAL DE BENAVENTE</strong> através do contacto: </span><span class="x193iq5w xeuugli x13faqbe x1vvkbs x1xmvt09 x1f6kntn xvq8zen xo1l8bm xzsf02u"><span id="cloak5d1e5b2f55f0a4680701642b20024bbd"><a href="mailto:bibliotecas@cm-benavente.pt">bibliotecas@cm-benavente.pt</a></span></span></div>
<div></div>
<div><img fetchpriority="high" decoding="async" class="alignnone wp-image-50027 size-large" src="https://www.cm-benavente.pt/wp-content/uploads/2023/11/231102_acasaamarela_1080-1-1024x1024.png" alt="" width="800" height="800" srcset="https://www.cm-benavente.pt/wp-content/uploads/2023/11/231102_acasaamarela_1080-1-1024x1024.png 1024w, https://www.cm-benavente.pt/wp-content/uploads/2023/11/231102_acasaamarela_1080-1-300x300.png 300w, https://www.cm-benavente.pt/wp-content/uploads/2023/11/231102_acasaamarela_1080-1-150x150.png 150w, https://www.cm-benavente.pt/wp-content/uploads/2023/11/231102_acasaamarela_1080-1-768x768.png 768w, https://www.cm-benavente.pt/wp-content/uploads/2023/11/231102_acasaamarela_1080-1-500x500.png 500w, https://www.cm-benavente.pt/wp-content/uploads/2023/11/231102_acasaamarela_1080-1-1536x1536.png 1536w, https://www.cm-benavente.pt/wp-content/uploads/2023/11/231102_acasaamarela_1080-1-2048x2048.png 2048w, https://www.cm-benavente.pt/wp-content/uploads/2023/11/231102_acasaamarela_1080-1-800x800.png 800w, https://www.cm-benavente.pt/wp-content/uploads/2023/11/231102_acasaamarela_1080-1-1280x1280.png 1280w, https://www.cm-benavente.pt/wp-content/uploads/2023/11/231102_acasaamarela_1080-1-1920x1920.png 1920w" sizes="(max-width: 800px) 100vw, 800px" /></div>

<p>ESGOTADO Com pozinhos de perlim&#8230; pim&#8230;pim&#8230; dia 11 de novembro será assim&#8230; Espetáculo para famílias, com Andreia Salgueiro e Eva Barros&#8230; &#8220;A Casa Amarela&#8220;, uma obra com Texto de Sofia Isabel Vieira e Ilustrações de Geandra Lipa. ALERTA Inscrições abertas a partir de 6 de novembro, (segunda-feira). INSCRIÇÕES NA BIBLIOTECA MUNICIPAL DE BENAVENTE através do contacto: bibliotecas@cm-benavente.pt</p>
