{"id":50017,"date":"2023-11-06T09:46:16","date_gmt":"2023-11-06T09:46:16","guid":{"rendered":"https:\/\/www.cm-benavente.pt\/?post_type=mec-events&#038;p=50017"},"modified":"2023-11-06T09:46:16","modified_gmt":"2023-11-06T09:46:16","slug":"feira-de-artesanato","status":"publish","type":"mec-events","link":"https:\/\/www.cm-benavente.pt\/index.php\/events\/feira-de-artesanato\/","title":{"rendered":"Feira de Artesanato"},"content":{"rendered":"<p><strong>Feira de Artesanato<\/strong><\/p>\n<p>2\u00ba s\u00e1bado do m\u00eas das 09:00h \u00e0s 13:00h no Mercado do Porto Alto<\/p>\n<p>Entrada gratuita<\/p>\n<p><strong>Organiza\u00e7\u00e3o:<\/strong>\u00a0Junta de Freguesia de Samora Correia<\/p>\n<p>&nbsp;<\/p>\n<p><img fetchpriority=\"high\" decoding=\"async\" class=\"alignnone wp-image-50018 size-full\" src=\"https:\/\/www.cm-benavente.pt\/wp-content\/uploads\/2023\/11\/animamercado_jfsc-jpg.webp\" alt=\"\" width=\"512\" height=\"600\" srcset=\"https:\/\/www.cm-benavente.pt\/wp-content\/uploads\/2023\/11\/animamercado_jfsc-jpg.webp 512w, https:\/\/www.cm-benavente.pt\/wp-content\/uploads\/2023\/11\/animamercado_jfsc-256x300.webp 256w, https:\/\/www.cm-benavente.pt\/wp-content\/uploads\/2023\/11\/animamercado_jfsc-500x586.webp 500w\" sizes=\"(max-width: 512px) 100vw, 512px\" \/><\/p>\n","protected":false},"excerpt":{"rendered":"<p>Feira de Artesanato 2\u00ba s\u00e1bado do m\u00eas das 09:00h \u00e0s 13:00h no Mercado do Porto Alto Entrada gratuita Organiza\u00e7\u00e3o:\u00a0Junta de Freguesia de Samora Correia &nbsp;<\/p>\n","protected":false},"author":3,"featured_media":50019,"comment_status":"closed","ping_status":"closed","template":"","meta":{"_vp_format_video_url":"","_vp_image_focal_point":[]},"tags":[680,819,340,861,250,27],"mec_category":[467],"class_list":["post-50017","mec-events","type-mec-events","status-publish","has-post-thumbnail","hentry","tag-artesanato","tag-feira","tag-junta-de-freguesia","tag-mercado","tag-porto-alto","tag-samora-correia","mec_category-geral"],"_links":{"self":[{"href":"https:\/\/www.cm-benavente.pt\/index.php\/wp-json\/wp\/v2\/mec-events\/50017","targetHints":{"allow":["GET"]}}],"collection":[{"href":"https:\/\/www.cm-benavente.pt\/index.php\/wp-json\/wp\/v2\/mec-events"}],"about":[{"href":"https:\/\/www.cm-benavente.pt\/index.php\/wp-json\/wp\/v2\/types\/mec-events"}],"author":[{"embeddable":true,"href":"https:\/\/www.cm-benavente.pt\/index.php\/wp-json\/wp\/v2\/users\/3"}],"replies":[{"embeddable":true,"href":"https:\/\/www.cm-benavente.pt\/index.php\/wp-json\/wp\/v2\/comments?post=50017"}],"version-history":[{"count":0,"href":"https:\/\/www.cm-benavente.pt\/index.php\/wp-json\/wp\/v2\/mec-events\/50017\/revisions"}],"wp:featuredmedia":[{"embeddable":true,"href":"https:\/\/www.cm-benavente.pt\/index.php\/wp-json\/wp\/v2\/media\/50019"}],"wp:attachment":[{"href":"https:\/\/www.cm-benavente.pt\/index.php\/wp-json\/wp\/v2\/media?parent=50017"}],"wp:term":[{"taxonomy":"post_tag","embeddable":true,"href":"https:\/\/www.cm-benavente.pt\/index.php\/wp-json\/wp\/v2\/tags?post=50017"},{"taxonomy":"mec_category","embeddable":true,"href":"https:\/\/www.cm-benavente.pt\/index.php\/wp-json\/wp\/v2\/mec_category?post=50017"}],"curies":[{"name":"wp","href":"https:\/\/api.w.org\/{rel}","templated":true}]}}

<p><strong>Feira de Artesanato</strong></p>
<p>2º sábado do mês das 09:00h às 13:00h no Mercado do Porto Alto</p>
<p>Entrada gratuita</p>
<p><strong>Organização:</strong> Junta de Freguesia de Samora Correia</p>
<p>&nbsp;</p>
<p><img fetchpriority="high" decoding="async" class="alignnone wp-image-50018 size-full" src="https://www.cm-benavente.pt/wp-content/uploads/2023/11/animamercado_jfsc-jpg.webp" alt="" width="512" height="600" srcset="https://www.cm-benavente.pt/wp-content/uploads/2023/11/animamercado_jfsc-jpg.webp 512w, https://www.cm-benavente.pt/wp-content/uploads/2023/11/animamercado_jfsc-256x300.webp 256w, https://www.cm-benavente.pt/wp-content/uploads/2023/11/animamercado_jfsc-500x586.webp 500w" sizes="(max-width: 512px) 100vw, 512px" /></p>

<p>Feira de Artesanato 2º sábado do mês das 09:00h às 13:00h no Mercado do Porto Alto Entrada gratuita Organização: Junta de Freguesia de Samora Correia &nbsp;</p>
