{"id":46059,"date":"2023-04-24T15:04:20","date_gmt":"2023-04-24T15:04:20","guid":{"rendered":"https:\/\/www.cm-benavente.pt\/?post_type=mec-events&#038;p=46059"},"modified":"2023-04-24T15:06:22","modified_gmt":"2023-04-24T15:06:22","slug":"x-gala-taurina-iris-fm-programa-sombra-sol","status":"publish","type":"mec-events","link":"https:\/\/www.cm-benavente.pt\/index.php\/events\/x-gala-taurina-iris-fm-programa-sombra-sol\/","title":{"rendered":"X Gala Taurina IRIS FM \/ Programa Sombra Sol"},"content":{"rendered":"<p><strong>Sexta-feira, 28 de abril<\/strong><\/p>\n<p><strong>Pelas 21.30h, no Centro Cultural de Samora Correia<\/strong><\/p>\n<p><strong>Fado, Folclore, Sevilhanas, M\u00fasica, Bandas, Dan\u00e7a<\/strong>\u00a0e muitas\u00a0<strong>Homenagens<\/strong>\u00a0comp\u00f5em o programa de mais uma<strong>\u00a0Gala Taurina<\/strong>\u00a0organizada pela\u00a0<strong>IRIS FM \/ Programa Sombra Sol<\/strong>\u00a0e integrada na\u00a0<strong>XVI Semana Taurina de Samora Correia.<\/strong><\/p>\n<p>A apresenta\u00e7\u00e3o desta gala estar\u00e1 a cargo de\u00a0<strong>Maur\u00edcio do Vale<\/strong>.<\/p>\n<p><strong>Integrada na XVI Semana Taurina<\/strong><\/p>\n<p><strong>Organiza\u00e7\u00e3o IRIS FM<\/strong><\/p>\n<p><img fetchpriority=\"high\" decoding=\"async\" class=\"alignnone wp-image-46060\" src=\"https:\/\/www.cm-benavente.pt\/wp-content\/uploads\/2023\/04\/gala_taurina_irisfm.png\" alt=\"\" width=\"800\" height=\"1131\" \/><\/p>\n","protected":false},"excerpt":{"rendered":"<p>Sexta-feira, 28 de abril Pelas 21.30h, no Centro Cultural de Samora Correia Fado, Folclore, Sevilhanas, M\u00fasica, Bandas, Dan\u00e7a\u00a0e muitas\u00a0Homenagens\u00a0comp\u00f5em o programa de mais uma\u00a0Gala Taurina\u00a0organizada pela\u00a0IRIS FM \/ Programa Sombra Sol\u00a0e integrada na\u00a0XVI Semana Taurina de Samora Correia. A apresenta\u00e7\u00e3o desta gala estar\u00e1 a cargo de\u00a0Maur\u00edcio do Vale. Integrada na XVI Semana Taurina Organiza\u00e7\u00e3o IRIS [&hellip;]<\/p>\n","protected":false},"author":3,"featured_media":46061,"comment_status":"closed","ping_status":"closed","template":"","meta":{"_vp_format_video_url":"","_vp_image_focal_point":[]},"tags":[94,1359,1360,27,1358],"mec_category":[467],"class_list":["post-46059","mec-events","type-mec-events","status-publish","has-post-thumbnail","hentry","tag-gala","tag-iris-fm","tag-radio","tag-samora-correia","tag-taurina","mec_category-geral"],"_links":{"self":[{"href":"https:\/\/www.cm-benavente.pt\/index.php\/wp-json\/wp\/v2\/mec-events\/46059","targetHints":{"allow":["GET"]}}],"collection":[{"href":"https:\/\/www.cm-benavente.pt\/index.php\/wp-json\/wp\/v2\/mec-events"}],"about":[{"href":"https:\/\/www.cm-benavente.pt\/index.php\/wp-json\/wp\/v2\/types\/mec-events"}],"author":[{"embeddable":true,"href":"https:\/\/www.cm-benavente.pt\/index.php\/wp-json\/wp\/v2\/users\/3"}],"replies":[{"embeddable":true,"href":"https:\/\/www.cm-benavente.pt\/index.php\/wp-json\/wp\/v2\/comments?post=46059"}],"version-history":[{"count":1,"href":"https:\/\/www.cm-benavente.pt\/index.php\/wp-json\/wp\/v2\/mec-events\/46059\/revisions"}],"predecessor-version":[{"id":46062,"href":"https:\/\/www.cm-benavente.pt\/index.php\/wp-json\/wp\/v2\/mec-events\/46059\/revisions\/46062"}],"wp:featuredmedia":[{"embeddable":true,"href":"https:\/\/www.cm-benavente.pt\/index.php\/wp-json\/wp\/v2\/media\/46061"}],"wp:attachment":[{"href":"https:\/\/www.cm-benavente.pt\/index.php\/wp-json\/wp\/v2\/media?parent=46059"}],"wp:term":[{"taxonomy":"post_tag","embeddable":true,"href":"https:\/\/www.cm-benavente.pt\/index.php\/wp-json\/wp\/v2\/tags?post=46059"},{"taxonomy":"mec_category","embeddable":true,"href":"https:\/\/www.cm-benavente.pt\/index.php\/wp-json\/wp\/v2\/mec_category?post=46059"}],"curies":[{"name":"wp","href":"https:\/\/api.w.org\/{rel}","templated":true}]}}

<p><strong>Sexta-feira, 28 de abril</strong></p>
<p><strong>Pelas 21.30h, no Centro Cultural de Samora Correia</strong></p>
<p><strong>Fado, Folclore, Sevilhanas, Música, Bandas, Dança</strong> e muitas <strong>Homenagens</strong> compõem o programa de mais uma<strong> Gala Taurina</strong> organizada pela <strong>IRIS FM / Programa Sombra Sol</strong> e integrada na <strong>XVI Semana Taurina de Samora Correia.</strong></p>
<p>A apresentação desta gala estará a cargo de <strong>Maurício do Vale</strong>.</p>
<p><strong>Integrada na XVI Semana Taurina</strong></p>
<p><strong>Organização IRIS FM</strong></p>
<p><img fetchpriority="high" decoding="async" class="alignnone wp-image-46060" src="https://www.cm-benavente.pt/wp-content/uploads/2023/04/gala_taurina_irisfm.png" alt="" width="800" height="1131" /></p>

<p>Sexta-feira, 28 de abril Pelas 21.30h, no Centro Cultural de Samora Correia Fado, Folclore, Sevilhanas, Música, Bandas, Dança e muitas Homenagens compõem o programa de mais uma Gala Taurina organizada pela IRIS FM / Programa Sombra Sol e integrada na XVI Semana Taurina de Samora Correia. A apresentação desta gala estará a cargo de Maurício do Vale. Integrada na XVI Semana Taurina Organização IRIS [&hellip;]</p>
