{"id":44992,"date":"2023-04-11T15:29:14","date_gmt":"2023-04-11T15:29:14","guid":{"rendered":"https:\/\/www.cm-benavente.pt\/?post_type=mec-events&#038;p=44992"},"modified":"2023-04-11T15:29:14","modified_gmt":"2023-04-11T15:29:14","slug":"caminhada-urbana","status":"publish","type":"mec-events","link":"https:\/\/www.cm-benavente.pt\/index.php\/events\/caminhada-urbana\/","title":{"rendered":"Caminhada Urbana"},"content":{"rendered":"<div class=\"x11i5rnm xat24cr x1mh8g0r x1vvkbs xdj266r x126k92a\">\n<div dir=\"auto\"><strong>Caminhada Urbana &#8211; Em defesa do Servi\u00e7o Nacional de Sa\u00fade e da Constitui\u00e7\u00e3o<\/strong><\/div>\n<\/div>\n<div class=\"x11i5rnm xat24cr x1mh8g0r x1vvkbs xtlvy1s x126k92a\">\n<div dir=\"auto\"><\/div>\n<div dir=\"auto\"><strong>Domingo, 16 de abril de 2023<\/strong><\/div>\n<div><strong>Pelas 09.00h, na Pra\u00e7a do Munic\u00edpio, em Benavente<\/strong><\/div>\n<div><\/div>\n<div><strong>Organiza\u00e7\u00e3o: <\/strong>Comiss\u00e3o de Utentes do Concelho de Benavente<\/div>\n<\/div>\n<div><\/div>\n<div>A Comiss\u00e3o pede a todos os participantes o uso de roupa branca ou de cor clara, o uso de cal\u00e7ado confort\u00e1vel e de bon\u00e9 para prote\u00e7\u00e3o solar.<\/div>\n<div><\/div>\n<div><img fetchpriority=\"high\" decoding=\"async\" class=\"aligncenter wp-image-44993 size-large\" src=\"https:\/\/www.cm-benavente.pt\/wp-content\/uploads\/2023\/04\/340530019_1941229499558282_2607381509363559297_n-769x1024.jpg\" alt=\"\" width=\"769\" height=\"1024\" srcset=\"https:\/\/www.cm-benavente.pt\/wp-content\/uploads\/2023\/04\/340530019_1941229499558282_2607381509363559297_n-769x1024.jpg 769w, https:\/\/www.cm-benavente.pt\/wp-content\/uploads\/2023\/04\/340530019_1941229499558282_2607381509363559297_n-225x300.jpg 225w, https:\/\/www.cm-benavente.pt\/wp-content\/uploads\/2023\/04\/340530019_1941229499558282_2607381509363559297_n-768x1023.jpg 768w, https:\/\/www.cm-benavente.pt\/wp-content\/uploads\/2023\/04\/340530019_1941229499558282_2607381509363559297_n-300x400.jpg 300w, https:\/\/www.cm-benavente.pt\/wp-content\/uploads\/2023\/04\/340530019_1941229499558282_2607381509363559297_n-1153x1536.jpg 1153w, https:\/\/www.cm-benavente.pt\/wp-content\/uploads\/2023\/04\/340530019_1941229499558282_2607381509363559297_n-500x666.jpg 500w, https:\/\/www.cm-benavente.pt\/wp-content\/uploads\/2023\/04\/340530019_1941229499558282_2607381509363559297_n-800x1066.jpg 800w, https:\/\/www.cm-benavente.pt\/wp-content\/uploads\/2023\/04\/340530019_1941229499558282_2607381509363559297_n-1280x1706.jpg 1280w, https:\/\/www.cm-benavente.pt\/wp-content\/uploads\/2023\/04\/340530019_1941229499558282_2607381509363559297_n.jpg 1537w\" sizes=\"(max-width: 769px) 100vw, 769px\" \/><\/div>\n","protected":false},"excerpt":{"rendered":"<p>Caminhada Urbana &#8211; Em defesa do Servi\u00e7o Nacional de Sa\u00fade e da Constitui\u00e7\u00e3o Domingo, 16 de abril de 2023 Pelas 09.00h, na Pra\u00e7a do Munic\u00edpio, em Benavente Organiza\u00e7\u00e3o: Comiss\u00e3o de Utentes do Concelho de Benavente A Comiss\u00e3o pede a todos os participantes o uso de roupa branca ou de cor clara, o uso de cal\u00e7ado [&hellip;]<\/p>\n","protected":false},"author":3,"featured_media":44994,"comment_status":"closed","ping_status":"closed","template":"","meta":{"_vp_format_video_url":"","_vp_image_focal_point":[]},"tags":[16,808,124,99],"mec_category":[472],"class_list":["post-44992","mec-events","type-mec-events","status-publish","has-post-thumbnail","hentry","tag-benavente","tag-caminhada","tag-desporto","tag-saude","mec_category-desporto"],"_links":{"self":[{"href":"https:\/\/www.cm-benavente.pt\/index.php\/wp-json\/wp\/v2\/mec-events\/44992","targetHints":{"allow":["GET"]}}],"collection":[{"href":"https:\/\/www.cm-benavente.pt\/index.php\/wp-json\/wp\/v2\/mec-events"}],"about":[{"href":"https:\/\/www.cm-benavente.pt\/index.php\/wp-json\/wp\/v2\/types\/mec-events"}],"author":[{"embeddable":true,"href":"https:\/\/www.cm-benavente.pt\/index.php\/wp-json\/wp\/v2\/users\/3"}],"replies":[{"embeddable":true,"href":"https:\/\/www.cm-benavente.pt\/index.php\/wp-json\/wp\/v2\/comments?post=44992"}],"version-history":[{"count":0,"href":"https:\/\/www.cm-benavente.pt\/index.php\/wp-json\/wp\/v2\/mec-events\/44992\/revisions"}],"wp:featuredmedia":[{"embeddable":true,"href":"https:\/\/www.cm-benavente.pt\/index.php\/wp-json\/wp\/v2\/media\/44994"}],"wp:attachment":[{"href":"https:\/\/www.cm-benavente.pt\/index.php\/wp-json\/wp\/v2\/media?parent=44992"}],"wp:term":[{"taxonomy":"post_tag","embeddable":true,"href":"https:\/\/www.cm-benavente.pt\/index.php\/wp-json\/wp\/v2\/tags?post=44992"},{"taxonomy":"mec_category","embeddable":true,"href":"https:\/\/www.cm-benavente.pt\/index.php\/wp-json\/wp\/v2\/mec_category?post=44992"}],"curies":[{"name":"wp","href":"https:\/\/api.w.org\/{rel}","templated":true}]}}

<div class="x11i5rnm xat24cr x1mh8g0r x1vvkbs xdj266r x126k92a">
<div dir="auto"><strong>Caminhada Urbana &#8211; Em defesa do Serviço Nacional de Saúde e da Constituição</strong></div>
</div>
<div class="x11i5rnm xat24cr x1mh8g0r x1vvkbs xtlvy1s x126k92a">
<div dir="auto"></div>
<div dir="auto"><strong>Domingo, 16 de abril de 2023</strong></div>
<div><strong>Pelas 09.00h, na Praça do Município, em Benavente</strong></div>
<div></div>
<div><strong>Organização: </strong>Comissão de Utentes do Concelho de Benavente</div>
</div>
<div></div>
<div>A Comissão pede a todos os participantes o uso de roupa branca ou de cor clara, o uso de calçado confortável e de boné para proteção solar.</div>
<div></div>
<div><img fetchpriority="high" decoding="async" class="aligncenter wp-image-44993 size-large" src="https://www.cm-benavente.pt/wp-content/uploads/2023/04/340530019_1941229499558282_2607381509363559297_n-769x1024.jpg" alt="" width="769" height="1024" srcset="https://www.cm-benavente.pt/wp-content/uploads/2023/04/340530019_1941229499558282_2607381509363559297_n-769x1024.jpg 769w, https://www.cm-benavente.pt/wp-content/uploads/2023/04/340530019_1941229499558282_2607381509363559297_n-225x300.jpg 225w, https://www.cm-benavente.pt/wp-content/uploads/2023/04/340530019_1941229499558282_2607381509363559297_n-768x1023.jpg 768w, https://www.cm-benavente.pt/wp-content/uploads/2023/04/340530019_1941229499558282_2607381509363559297_n-300x400.jpg 300w, https://www.cm-benavente.pt/wp-content/uploads/2023/04/340530019_1941229499558282_2607381509363559297_n-1153x1536.jpg 1153w, https://www.cm-benavente.pt/wp-content/uploads/2023/04/340530019_1941229499558282_2607381509363559297_n-500x666.jpg 500w, https://www.cm-benavente.pt/wp-content/uploads/2023/04/340530019_1941229499558282_2607381509363559297_n-800x1066.jpg 800w, https://www.cm-benavente.pt/wp-content/uploads/2023/04/340530019_1941229499558282_2607381509363559297_n-1280x1706.jpg 1280w, https://www.cm-benavente.pt/wp-content/uploads/2023/04/340530019_1941229499558282_2607381509363559297_n.jpg 1537w" sizes="(max-width: 769px) 100vw, 769px" /></div>

<p>Caminhada Urbana &#8211; Em defesa do Serviço Nacional de Saúde e da Constituição Domingo, 16 de abril de 2023 Pelas 09.00h, na Praça do Município, em Benavente Organização: Comissão de Utentes do Concelho de Benavente A Comissão pede a todos os participantes o uso de roupa branca ou de cor clara, o uso de calçado [&hellip;]</p>
