{"id":44927,"date":"2023-04-11T13:51:01","date_gmt":"2023-04-11T13:51:01","guid":{"rendered":"https:\/\/www.cm-benavente.pt\/?post_type=mec-events&#038;p=44927"},"modified":"2023-04-11T13:51:01","modified_gmt":"2023-04-11T13:51:01","slug":"caminhada-solidaria-de-apoio-monumento-aos-bombeiros-em-samora-correia","status":"publish","type":"mec-events","link":"https:\/\/www.cm-benavente.pt\/index.php\/events\/caminhada-solidaria-de-apoio-monumento-aos-bombeiros-em-samora-correia\/","title":{"rendered":"Caminhada Solid\u00e1ria de Apoio \/ Monumento aos Bombeiros em Samora Correia"},"content":{"rendered":"<p>Caminhada em Montinhos \/ Belmonte<\/p>\n<p><strong>Domingo, 16 de abril<\/strong><\/p>\n<p><strong>Pelas 08.30h, concentra\u00e7\u00e3o junto ao Centro Cultural de Samora Correia<\/strong><\/p>\n<p>(Transporte a cargo dos participantes)<\/p>\n<p>Valor de 5 monumentos por participante \/ seguro inclu\u00eddo<\/p>\n<p>Inscri\u00e7\u00f5es na Junta de Freguesia de Samora Correia at\u00e9 13 de abril ou atrav\u00e9s do <a href=\"tel:263650670\">263 650 670<\/a>, <a href=\"tel:966187408\">966 187 408<\/a> ou <a href=\"tel:965707581\">965 707 581<\/a><\/p>\n<p>&nbsp;<\/p>\n<p><img fetchpriority=\"high\" decoding=\"async\" class=\"aligncenter wp-image-44928 size-large\" src=\"https:\/\/www.cm-benavente.pt\/wp-content\/uploads\/2023\/04\/340037584_734385031501378_3050705364656861765_n-724x1024.jpg\" alt=\"\" width=\"724\" height=\"1024\" srcset=\"https:\/\/www.cm-benavente.pt\/wp-content\/uploads\/2023\/04\/340037584_734385031501378_3050705364656861765_n-724x1024.jpg 724w, https:\/\/www.cm-benavente.pt\/wp-content\/uploads\/2023\/04\/340037584_734385031501378_3050705364656861765_n-212x300.jpg 212w, https:\/\/www.cm-benavente.pt\/wp-content\/uploads\/2023\/04\/340037584_734385031501378_3050705364656861765_n-768x1087.jpg 768w, https:\/\/www.cm-benavente.pt\/wp-content\/uploads\/2023\/04\/340037584_734385031501378_3050705364656861765_n-500x707.jpg 500w, https:\/\/www.cm-benavente.pt\/wp-content\/uploads\/2023\/04\/340037584_734385031501378_3050705364656861765_n-800x1132.jpg 800w, https:\/\/www.cm-benavente.pt\/wp-content\/uploads\/2023\/04\/340037584_734385031501378_3050705364656861765_n.jpg 1080w\" sizes=\"(max-width: 724px) 100vw, 724px\" \/><\/p>\n","protected":false},"excerpt":{"rendered":"<p>Caminhada em Montinhos \/ Belmonte Domingo, 16 de abril Pelas 08.30h, concentra\u00e7\u00e3o junto ao Centro Cultural de Samora Correia (Transporte a cargo dos participantes) Valor de 5 monumentos por participante \/ seguro inclu\u00eddo Inscri\u00e7\u00f5es na Junta de Freguesia de Samora Correia at\u00e9 13 de abril ou atrav\u00e9s do 263 650 670, 966 187 408 ou [&hellip;]<\/p>\n","protected":false},"author":3,"featured_media":44929,"comment_status":"closed","ping_status":"closed","template":"","meta":{"_vp_format_video_url":"","_vp_image_focal_point":[]},"tags":[808,27,809],"mec_category":[472],"class_list":["post-44927","mec-events","type-mec-events","status-publish","has-post-thumbnail","hentry","tag-caminhada","tag-samora-correia","tag-solidariedade","mec_category-desporto"],"_links":{"self":[{"href":"https:\/\/www.cm-benavente.pt\/index.php\/wp-json\/wp\/v2\/mec-events\/44927","targetHints":{"allow":["GET"]}}],"collection":[{"href":"https:\/\/www.cm-benavente.pt\/index.php\/wp-json\/wp\/v2\/mec-events"}],"about":[{"href":"https:\/\/www.cm-benavente.pt\/index.php\/wp-json\/wp\/v2\/types\/mec-events"}],"author":[{"embeddable":true,"href":"https:\/\/www.cm-benavente.pt\/index.php\/wp-json\/wp\/v2\/users\/3"}],"replies":[{"embeddable":true,"href":"https:\/\/www.cm-benavente.pt\/index.php\/wp-json\/wp\/v2\/comments?post=44927"}],"version-history":[{"count":0,"href":"https:\/\/www.cm-benavente.pt\/index.php\/wp-json\/wp\/v2\/mec-events\/44927\/revisions"}],"wp:featuredmedia":[{"embeddable":true,"href":"https:\/\/www.cm-benavente.pt\/index.php\/wp-json\/wp\/v2\/media\/44929"}],"wp:attachment":[{"href":"https:\/\/www.cm-benavente.pt\/index.php\/wp-json\/wp\/v2\/media?parent=44927"}],"wp:term":[{"taxonomy":"post_tag","embeddable":true,"href":"https:\/\/www.cm-benavente.pt\/index.php\/wp-json\/wp\/v2\/tags?post=44927"},{"taxonomy":"mec_category","embeddable":true,"href":"https:\/\/www.cm-benavente.pt\/index.php\/wp-json\/wp\/v2\/mec_category?post=44927"}],"curies":[{"name":"wp","href":"https:\/\/api.w.org\/{rel}","templated":true}]}}

Caminhada Solidária de Apoio / Monumento aos Bombeiros em Samora Correia

<p>Caminhada em Montinhos / Belmonte</p>
<p><strong>Domingo, 16 de abril</strong></p>
<p><strong>Pelas 08.30h, concentração junto ao Centro Cultural de Samora Correia</strong></p>
<p>(Transporte a cargo dos participantes)</p>
<p>Valor de 5 monumentos por participante / seguro incluído</p>
<p>Inscrições na Junta de Freguesia de Samora Correia até 13 de abril ou através do <a href="tel:263650670">263 650 670</a>, <a href="tel:966187408">966 187 408</a> ou <a href="tel:965707581">965 707 581</a></p>
<p>&nbsp;</p>
<p><img fetchpriority="high" decoding="async" class="aligncenter wp-image-44928 size-large" src="https://www.cm-benavente.pt/wp-content/uploads/2023/04/340037584_734385031501378_3050705364656861765_n-724x1024.jpg" alt="" width="724" height="1024" srcset="https://www.cm-benavente.pt/wp-content/uploads/2023/04/340037584_734385031501378_3050705364656861765_n-724x1024.jpg 724w, https://www.cm-benavente.pt/wp-content/uploads/2023/04/340037584_734385031501378_3050705364656861765_n-212x300.jpg 212w, https://www.cm-benavente.pt/wp-content/uploads/2023/04/340037584_734385031501378_3050705364656861765_n-768x1087.jpg 768w, https://www.cm-benavente.pt/wp-content/uploads/2023/04/340037584_734385031501378_3050705364656861765_n-500x707.jpg 500w, https://www.cm-benavente.pt/wp-content/uploads/2023/04/340037584_734385031501378_3050705364656861765_n-800x1132.jpg 800w, https://www.cm-benavente.pt/wp-content/uploads/2023/04/340037584_734385031501378_3050705364656861765_n.jpg 1080w" sizes="(max-width: 724px) 100vw, 724px" /></p>

<p>Caminhada em Montinhos / Belmonte Domingo, 16 de abril Pelas 08.30h, concentração junto ao Centro Cultural de Samora Correia (Transporte a cargo dos participantes) Valor de 5 monumentos por participante / seguro incluído Inscrições na Junta de Freguesia de Samora Correia até 13 de abril ou através do 263 650 670, 966 187 408 ou [&hellip;]</p>
